nder when 9886 is divided by 102?
94
What is the remainder when 2604 is divided by 2360?
244
What is the remainder when 66605 is divided by 92?
89
What is the remainder when 62619 is divided by 142?
139
Calculate the remainder when 6170 is divided by 6164.
6
Calculate the remainder when 5917 is divided by 539.
527
What is the remainder when 4905 is divided by 583?
241
What is the remainder when 4941 is divided by 4396?
545
Calculate the remainder when 21288 is divided by 2661.
0
Calculate the remainder when 14429 is divided by 4800.
29
What is the remainder when 4703 is divided by 1079?
387
What is the remainder when 47643 is divided by 7937?
21
Calculate the remainder when 686 is divided by 13.
10
Calculate the remainder when 29841 is divided by 4972.
9
Calculate the remainder when 4726 is divided by 587.
30
Calculate the remainder when 6765 is divided by 452.
437
What is the remainder when 2206 is divided by 719?
49
What is the remainder when 10875984 is divided by 69?
66
What is the remainder when 1021 is divided by 122?
45
Calculate the remainder when 10670 is divided by 3530.
80
Calculate the remainder when 464 is divided by 348.
116
What is the remainder when 5062 is divided by 129?
31
Calculate the remainder when 711 is divided by 653.
58
Calculate the remainder when 3722 is divided by 996.
734
Calculate the remainder when 1490 is divided by 165.
5
Calculate the remainder when 683291 is divided by 174.
167
Calculate the remainder when 1822 is divided by 1798.
24
What is the remainder when 1072 is divided by 468?
136
What is the remainder when 11351 is divided by 33?
32
Calculate the remainder when 150253 is divided by 405.
403
Calculate the remainder when 1037604 is divided by 18.
12
What is the remainder when 56818 is divided by 216?
10
What is the remainder when 12362 is divided by 311?
233
What is the remainder when 555184 is divided by 185060?
4
What is the remainder when 90190 is divided by 12?
10
What is the remainder when 5586 is divided by 53?
21
Calculate the remainder when 35029 is divided by 170.
9
Calculate the remainder when 236473 is divided by 7.
6
Calculate the remainder when 3681 is divided by 916.
17
Calculate the remainder when 40543 is divided by 224.
223
What is the remainder when 174944 is divided by 58302?
38
What is the remainder when 187413 is divided by 93696?
21
What is the remainder when 1520 is divided by 96?
80
Calculate the remainder when 179688 is divided by 25.
13
What is the remainder when 17429 is divided by 1243?
27
Calculate the remainder when 13719 is divided by 44.
35
What is the remainder when 237598 is divided by 300?
298
Calculate the remainder when 1917 is divided by 889.
139
Calculate the remainder when 2981 is divided by 811.
548
What is the remainder when 28232 is divided by 784?
8
What is the remainder when 6030 is divided by 1050?
780
Calculate the remainder when 48168 is divided by 9632.
8
What is the remainder when 8997 is divided by 1124?
5
What is the remainder when 980 is divided by 490?
0
What is the remainder when 65853 is divided by 50?
3
Calculate the remainder when 1228 is divided by 208.
188
Calculate the remainder when 10692 is divided by 446.
434
Calculate the remainder when 2242706 is divided by 34.
32
What is the remainder when 862288 is divided by 327?
316
What is the remainder when 33261 is divided by 33075?
186
Calculate the remainder when 74367 is divided by 128.
127
Calculate the remainder when 28024 is divided by 28023.
1
Calculate the remainder when 5159 is divided by 1200.
359
What is the remainder when 474875 is divided by 32?
27
Calculate the remainder when 5032 is divided by 334.
22
Calculate the remainder when 1609418 is divided by 11.
8
What is the remainder when 944 is divided by 256?
176
What is the remainder when 4047 is divided by 3986?
61
What is the remainder when 1343 is divided by 97?
82
Calculate the remainder when 213495 is divided by 522.
519
What is the remainder when 3472 is divided by 1341?
790
Calculate the remainder when 338687 is divided by 169337.
13
What is the remainder when 173694 is divided by 16?
14
What is the remainder when 353356 is divided by 70?
66
What is the remainder when 39063 is divided by 3541?
112
Calculate the remainder when 88818 is divided by 417.
414
Calculate the remainder when 15134 is divided by 1701.
1526
Calculate the remainder when 3232785 is divided by 782.
779
What is the remainder when 2390 is divided by 1041?
308
What is the remainder when 438207 is divided by 405?
402
Calculate the remainder when 7845 is divided by 72.
69
Calculate the remainder when 6114 is divided by 612.
606
Calculate the remainder when 111450 is divided by 19.
15
What is the remainder when 1517472 is divided by 12?
0
Calculate the remainder when 264048 is divided by 116.
32
Calculate the remainder when 1649 is divided by 1577.
72
What is the remainder when 24252 is divided by 31?
10
What is the remainder when 3832 is divided by 1237?
121
What is the remainder when 19928 is divided by 1418?
76
Calculate the remainder when 163684 is divided by 12.
4
Calculate the remainder when 940 is divided by 337.
266
Calculate the remainder when 932 is divided by 871.
61
What is the remainder when 7217 is divided by 5193?
2024
What is the remainder when 5438 is divided by 544?
542
What is the remainder when 118177 is divided by 2188?
25
Calculate the remainder when 1730239 is divided by 73.
66
Calculate the remainder when 75353 is divided by 221.
213
Calculate the remainder when 521630 is divided by 16.
14
What is the remainder when 6210 is divided by 30?
0
What is the remainder when 18243 is divided by 29?
2
What is the remainder when 46948 is divided by 653?
585
Calculate the remainder when 89579 is divided by 553.
546
Calculate the remainder when 1307 is divided by 12.
11
Calculate the remainder when 5118 is divided by 1273.
26
Calculate the remainder when 1655436 is divided by 173.
172
What is the remainder when 9218 is divided by 339?
65
What is the remainder when 5719 is divided by 2832?
55
What is the remainder when 238697 is divided by 79563?
8
Calculate the remainder when 16576595 is divided by 6.
5
Calculate the remainder when 47422 is divided by 9474.
52
What is the remainder when 18858 is divided by 39?
21
Calculate the remainder when 39427 is divided by 39388.
39
What is the remainder when 81444 is divided by 257?
232
Calculate the remainder when 46362 is divided by 455.
407
Calculate the remainder when 80757 is divided by 122.
115
Calculate the remainder when 941 is divided by 83.
28
What is the remainder when 7621 is divided by 57?
40
What is the remainder when 1747 is divided by 350?
347
Calculate the remainder when 740 is divided by 16.
4
What is the remainder when 3288 is divided by 216?
48
Calculate the remainder when 66139 is divided by 13.
8
What is the remainder when 18879 is divided by 31?
0
What is the remainder when 1774 is divided by 521?
211
Calculate the remainder when 5704 is divided by 5693.
11
What is the remainder when 17570 is divided by 476?
434
Calculate the remainder when 4386 is divided by 29.
7
What is the remainder when 146397 is divided by 17?
10
What is the remainder when 16571 is divided by 3284?
151
Calculate the remainder when 17531 is divided by 731.
718
What is the remainder when 1508 is divided by 250?
8
What is the remainder when 1075613 is divided by 6?
5
What is the remainder when 1215123 is divided by 223?
219
Calculate the remainder when 9754 is divided by 77.
52
Calculate the remainder when 105165 is divided by 26.
21
Calculate the remainder when 17951 is divided by 5954.
89
Calculate the remainder when 43737 is divided by 180.
177
What is the remainder when 79406 is divided by 8822?
8
Calculate the remainder when 54742 is divided by 150.
142
What is the remainder when 2077 is divided by 1279?
798
Calculate the remainder when 16628 is divided by 2.
0
What is the remainder when 50075 is divided by 52?
51
Calculate the remainder when 12558 is divided by 180.
138
What is the remainder when 145637 is divided by 174?
173
What is the remainder when 91517 is divided by 88?
85
Calculate the remainder when 1064 is divided by 290.
194
Calculate the remainder when 863 is divided by 374.
115
Calculate the remain